{"id":7705,"date":"2022-12-07T10:24:09","date_gmt":"2022-12-07T13:24:09","guid":{"rendered":"https:\/\/acervosonline.ufpa.br\/?post_type=tnc_col_105_item&#038;p=7705"},"modified":"2024-11-18T11:59:51","modified_gmt":"2024-11-18T14:59:51","slug":"mexilhao","status":"publish","type":"tnc_col_105_item","link":"https:\/\/acervosonline.ufpa.br\/index.php\/historia-natural\/mexilhao\/","title":{"rendered":"Mexilh\u00e3o"},"content":{"rendered":"<p>Valva \u00fanica achatada e fina, de formato mais comprido que outras vieiras. A parte superior \u00e9 coberta por marca\u00e7\u00f5es lineares em curvas, avan\u00e7ando por toda essa parte. A parte inferior \u00e9 mais lisa, e est\u00e1 lascada na extremidade. Na parte superior a cor \u00e9 esbranqui\u00e7ada, com uma mancha levemente acinzentada na parte mais afunilada da pe\u00e7a, e pequenos riscos alaranjados mais a frente. J\u00e1 na parte inferior, a cor geral \u00e9 esbranqui\u00e7ada com pouca varia\u00e7\u00e3o de tons.<\/p>\n","protected":false},"featured_media":0,"parent":0,"menu_order":0,"comment_status":"closed","ping_status":"closed","template":"","format":"standard","class_list":["post-7705","tnc_col_105_item","type-tnc_col_105_item","status-publish","format-standard","hentry","tnc_tax_72-perna"],"_links":{"self":[{"href":"https:\/\/acervosonline.ufpa.br\/index.php\/wp-json\/wp\/v2\/tnc_col_105_item\/7705"}],"collection":[{"href":"https:\/\/acervosonline.ufpa.br\/index.php\/wp-json\/wp\/v2\/tnc_col_105_item"}],"about":[{"href":"https:\/\/acervosonline.ufpa.br\/index.php\/wp-json\/wp\/v2\/types\/tnc_col_105_item"}],"replies":[{"embeddable":true,"href":"https:\/\/acervosonline.ufpa.br\/index.php\/wp-json\/wp\/v2\/comments?post=7705"}],"version-history":[{"count":1,"href":"https:\/\/acervosonline.ufpa.br\/index.php\/wp-json\/wp\/v2\/tnc_col_105_item\/7705\/revisions"}],"predecessor-version":[{"id":7842,"href":"https:\/\/acervosonline.ufpa.br\/index.php\/wp-json\/wp\/v2\/tnc_col_105_item\/7705\/revisions\/7842"}],"wp:attachment":[{"href":"https:\/\/acervosonline.ufpa.br\/index.php\/wp-json\/wp\/v2\/media?parent=7705"}],"curies":[{"name":"wp","href":"https:\/\/api.w.org\/{rel}","templated":true}]}}

Mexilhão

<p>Valva única achatada e fina, de formato mais comprido que outras vieiras. A parte superior é coberta por marcações lineares em curvas, avançando por toda essa parte. A parte inferior é mais lisa, e está lascada na extremidade. Na parte superior a cor é esbranquiçada, com uma mancha levemente acinzentada na parte mais afunilada da peça, e pequenos riscos alaranjados mais a frente. Já na parte inferior, a cor geral é esbranquiçada com pouca variação de tons.</p>
